{"id":351,"date":"2026-03-06T11:22:42","date_gmt":"2026-03-06T11:22:42","guid":{"rendered":"https:\/\/urinal.aquariushost.net\/?page_id=351"},"modified":"2026-04-03T09:25:51","modified_gmt":"2026-04-03T09:25:51","slug":"urinal-tecni-dodatak-ishrani","status":"publish","type":"page","link":"https:\/\/urinal.aquariushost.net\/index.php\/urinal-tecni-dodatak-ishrani\/","title":{"rendered":"Urinal te\u010dni dodatak ishrani"},"content":{"rendered":"\t\t<div data-elementor-type=\"wp-page\" data-elementor-id=\"351\" class=\"elementor elementor-351\" data-elementor-post-type=\"page\">\n\t\t\t\t<div class=\"elementor-element elementor-element-33f198c e-flex e-con-boxed e-con e-parent\" data-id=\"33f198c\" data-element_type=\"container\" data-e-type=\"container\" data-settings=\"{&quot;background_background&quot;:&quot;classic&quot;}\">\n\t\t\t\t\t<div class=\"e-con-inner\">\n\t\t<div class=\"elementor-element elementor-element-7a6dd55 e-con-full e-flex e-con e-child\" data-id=\"7a6dd55\" data-element_type=\"container\" data-e-type=\"container\" data-settings=\"{&quot;background_background&quot;:&quot;classic&quot;}\">\n\t\t\t\t<div class=\"elementor-element elementor-element-eb493fc elementor-widget__width-initial elementor-widget elementor-widget-image\" data-id=\"eb493fc\" data-element_type=\"widget\" data-e-type=\"widget\" data-widget_type=\"image.default\">\n\t\t\t\t\t\t\t\t\t\t\t\t\t\t\t<img fetchpriority=\"high\" decoding=\"async\" width=\"497\" height=\"600\" src=\"https:\/\/urinal.aquariushost.net\/wp-content\/uploads\/2026\/03\/urinal-sirup.png\" class=\"attachment-large size-large wp-image-299\" alt=\"\" srcset=\"https:\/\/urinal.aquariushost.net\/wp-content\/uploads\/2026\/03\/urinal-sirup.png 497w, https:\/\/urinal.aquariushost.net\/wp-content\/uploads\/2026\/03\/urinal-sirup-249x300.png 249w\" sizes=\"(max-width: 497px) 100vw, 497px\" \/>\t\t\t\t\t\t\t\t\t\t\t\t\t\t\t<\/div>\n\t\t\t\t<\/div>\n\t\t<div class=\"elementor-element elementor-element-da8dca9 e-con-full e-flex e-con e-child\" data-id=\"da8dca9\" data-element_type=\"container\" data-e-type=\"container\" data-settings=\"{&quot;background_background&quot;:&quot;classic&quot;}\">\n\t\t\t\t<div class=\"elementor-element elementor-element-82964ef elementor-widget elementor-widget-heading\" data-id=\"82964ef\" data-element_type=\"widget\" data-e-type=\"widget\" data-widget_type=\"heading.default\">\n\t\t\t\t\t<h2 class=\"elementor-heading-title elementor-size-default\">Urinal te\u010dni dodatak ishrani<\/h2>\t\t\t\t<\/div>\n\t\t\t\t<div class=\"elementor-element elementor-element-159c1d6 elementor-widget elementor-widget-text-editor\" data-id=\"159c1d6\" data-element_type=\"widget\" data-e-type=\"widget\" data-widget_type=\"text-editor.default\">\n\t\t\t\t\t\t\t\t\t<p><strong>Dodatak ishrani<\/strong><\/p>\t\t\t\t\t\t\t\t<\/div>\n\t\t\t\t<div class=\"elementor-element elementor-element-e81dde5 elementor-widget elementor-widget-text-editor\" data-id=\"e81dde5\" data-element_type=\"widget\" data-e-type=\"widget\" data-widget_type=\"text-editor.default\">\n\t\t\t\t\t\t\t\t\t<p><strong>Sadr\u017ei \u010disti ekstrakt brusnice. Pogodan za djecu stariju od 3 godine.<\/strong><\/p>\t\t\t\t\t\t\t\t<\/div>\n\t\t\t\t<div class=\"elementor-element elementor-element-d71022e elementor-widget elementor-widget-text-editor\" data-id=\"d71022e\" data-element_type=\"widget\" data-e-type=\"widget\" data-widget_type=\"text-editor.default\">\n\t\t\t\t\t\t\t\t\t<p>Sadr\u017ei ekstrakt brusnice te je prirodnog porijekla, visokog kvaliteta, prijatnog okusa i jednostavan za primjenu. Redovnom svakodnevnom upotrebom poma\u017ee u prevenciji ponovne pojave infekcije.<\/p>\t\t\t\t\t\t\t\t<\/div>\n\t\t\t\t<div class=\"elementor-element elementor-element-9a7edf5 elementor-widget elementor-widget-button\" data-id=\"9a7edf5\" data-element_type=\"widget\" data-e-type=\"widget\" data-widget_type=\"button.default\">\n\t\t\t\t\t\t\t\t\t\t<a class=\"elementor-button elementor-button-link elementor-size-sm\" href=\"https:\/\/www.svakodobro.ba\/urinal-tecni-dodatak-ishrani\/\" target=\"_blank\">\n\t\t\t\t\t\t<span class=\"elementor-button-content-wrapper\">\n\t\t\t\t\t\t\t\t\t<span class=\"elementor-button-text\">Kupi<\/span>\n\t\t\t\t\t<\/span>\n\t\t\t\t\t<\/a>\n\t\t\t\t\t\t\t\t<\/div>\n\t\t\t\t<\/div>\n\t\t\t\t\t<\/div>\n\t\t\t\t<\/div>\n\t\t<div class=\"elementor-element elementor-element-0c898e8 e-flex e-con-boxed e-con e-parent\" data-id=\"0c898e8\" data-element_type=\"container\" data-e-type=\"container\" data-settings=\"{&quot;background_background&quot;:&quot;classic&quot;}\">\n\t\t\t\t\t<div class=\"e-con-inner\">\n\t\t<div class=\"elementor-element elementor-element-42221ea e-con-full e-flex e-con e-child\" data-id=\"42221ea\" data-element_type=\"container\" data-e-type=\"container\" data-settings=\"{&quot;background_background&quot;:&quot;classic&quot;}\">\n\t\t\t\t<div class=\"elementor-element elementor-element-2f5c353 elementor-widget elementor-widget-text-editor\" data-id=\"2f5c353\" data-element_type=\"widget\" data-e-type=\"widget\" data-widget_type=\"text-editor.default\">\n\t\t\t\t\t\t\t\t\t<p><strong>Za\u0161to Urinal te\u010dni dodatak ishrani?<\/strong><\/p>\t\t\t\t\t\t\t\t<\/div>\n\t\t\t\t<div class=\"elementor-element elementor-element-432a282 elementor-widget elementor-widget-text-editor\" data-id=\"432a282\" data-element_type=\"widget\" data-e-type=\"widget\" data-widget_type=\"text-editor.default\">\n\t\t\t\t\t\t\t\t\t<p><strong>Visokokvalitetni sastojci<\/strong><\/p>\t\t\t\t\t\t\t\t<\/div>\n\t\t\t\t<div class=\"elementor-element elementor-element-f8d5224 elementor-widget elementor-widget-text-editor\" data-id=\"f8d5224\" data-element_type=\"widget\" data-e-type=\"widget\" data-widget_type=\"text-editor.default\">\n\t\t\t\t\t\t\t\t\t<p>Urinal te\u010dni dodatak ishrani sadr\u017ei visokokvalitetne sastojke.<\/p><p>Brusnica je prirodno bogata proantocijanidinima (PAC), bioflavonoidima, fenolnim spojevima i drugim vrijednim supstancama.<\/p><p>Podr\u0161ka prevenciji ponavljaju\u0107ih (rekurentnih) urinarnih infekcija kod djece.<\/p>\t\t\t\t\t\t\t\t<\/div>\n\t\t\t\t<\/div>\n\t\t<div class=\"elementor-element elementor-element-e4eb502 e-con-full e-flex e-con e-child\" data-id=\"e4eb502\" data-element_type=\"container\" data-e-type=\"container\" data-settings=\"{&quot;background_background&quot;:&quot;classic&quot;}\">\n\t\t\t\t<div class=\"elementor-element elementor-element-806e0f0 elementor-position-inline-start elementor-view-default elementor-mobile-position-block-start elementor-widget elementor-widget-icon-box\" data-id=\"806e0f0\" data-element_type=\"widget\" data-e-type=\"widget\" data-widget_type=\"icon-box.default\">\n\t\t\t\t\t\t\t<div class=\"elementor-icon-box-wrapper\">\n\n\t\t\t\t\t\t<div class=\"elementor-icon-box-icon\">\n\t\t\t\t<span  class=\"elementor-icon\">\n\t\t\t\t<svg xmlns=\"http:\/\/www.w3.org\/2000\/svg\" viewBox=\"0 0 60.78 60.78\"><circle cx=\"30.39\" cy=\"30.39\" r=\"30.39\" fill=\"#ed1c24\"><\/circle><path d=\"M41.68,13.64H19a1.37,1.37,0,0,0-1.22,1.49l3.08,30.79a1.35,1.35,0,0,0,1.36,1.22H38.6A1.35,1.35,0,0,0,40,45.92l2.15-21.56a1.58,1.58,0,0,0,0-.37l.9-9A1.35,1.35,0,0,0,41.68,13.64ZM37.37,44.42h-14L21.3,23.31a12.27,12.27,0,0,1,3.61-.6,7.1,7.1,0,0,1,4.62,1.55,9.72,9.72,0,0,0,6.09,2.16h.22A15.34,15.34,0,0,0,39.21,26ZM39.5,23.08a12.16,12.16,0,0,1-3.66.62,7,7,0,0,1-4.59-1.55A9.7,9.7,0,0,0,24.94,20a14.54,14.54,0,0,0-3.91.58l-.42-4.21H40.17Z\" fill=\"#fff\"><\/path><path d=\"M25.6,25.52a1.7,1.7,0,1,0,1.7,1.7A1.7,1.7,0,0,0,25.6,25.52Z\" fill=\"#fff\"><\/path><path d=\"M34.28,29.61A1.69,1.69,0,1,0,36,31.3,1.69,1.69,0,0,0,34.28,29.61Z\" fill=\"#fff\"><\/path><path d=\"M28.6,36.44a1.69,1.69,0,1,0,1.7,1.69A1.69,1.69,0,0,0,28.6,36.44Z\" fill=\"#fff\"><\/path><\/svg>\t\t\t\t<\/span>\n\t\t\t<\/div>\n\t\t\t\n\t\t\t\t\t\t<div class=\"elementor-icon-box-content\">\n\n\t\t\t\t\t\t\t\t\t<h3 class=\"elementor-icon-box-title\">\n\t\t\t\t\t\t<span  >\n\t\t\t\t\t\t\tZdravi napitak\t\t\t\t\t\t<\/span>\n\t\t\t\t\t<\/h3>\n\t\t\t\t\n\t\t\t\t\t\t\t\t\t<p class=\"elementor-icon-box-description\">\n\t\t\t\t\t\tMo\u017ee se pomije\u0161ati sa vodom i koristiti kao zdravi napitak.\t\t\t\t\t<\/p>\n\t\t\t\t\n\t\t\t<\/div>\n\t\t\t\n\t\t<\/div>\n\t\t\t\t\t\t<\/div>\n\t\t\t\t<div class=\"elementor-element elementor-element-e7db360 elementor-position-inline-start elementor-view-default elementor-mobile-position-block-start elementor-widget elementor-widget-icon-box\" data-id=\"e7db360\" data-element_type=\"widget\" data-e-type=\"widget\" data-widget_type=\"icon-box.default\">\n\t\t\t\t\t\t\t<div class=\"elementor-icon-box-wrapper\">\n\n\t\t\t\t\t\t<div class=\"elementor-icon-box-icon\">\n\t\t\t\t<span  class=\"elementor-icon\">\n\t\t\t\t<svg xmlns=\"http:\/\/www.w3.org\/2000\/svg\" xmlns:xlink=\"http:\/\/www.w3.org\/1999\/xlink\" id=\"Layer_1\" x=\"0px\" y=\"0px\" viewBox=\"0 0 60.8 60.8\" style=\"enable-background:new 0 0 60.8 60.8;\" xml:space=\"preserve\"><style type=\"text\/css\">\t.st0{fill:#ED1C24;}\t.st1{fill:#FFFFFF;}<\/style><circle class=\"st0\" cx=\"30.4\" cy=\"30.4\" r=\"30.4\"><\/circle><g>\t<path class=\"st1\" d=\"M18.6,27.6v-8.1h-1.4V24c0,0.5,0,1.1,0,1.1l0,0c0,0-0.2-0.5-0.5-1L14,19.4h-1.4v8.1h1.3v-4.7c0-0.5,0-1,0-1  l0,0c0.1,0.3,0.3,0.6,0.5,1l2.9,4.8H18.6z\"><\/path>\t<path class=\"st1\" d=\"M24.8,23.5c0-1.5-0.9-2.2-2.4-2.2c-0.8,0-1.5,0.2-2.2,0.4l0.4,1c0.5-0.2,1.1-0.3,1.7-0.4  c0.7,0,1.1,0.2,1.1,0.9v0.3c-1.8,0.1-3.5,0.4-3.5,2.1c0,1.2,0.9,2,2.7,2c0.8,0,1.5-0.1,2.3-0.4V23.5z M23.3,26.5  c-0.3,0.1-0.6,0.1-0.9,0.1c-0.8,0-1.2-0.3-1.2-0.9c0-0.9,1-1,2.1-1.1V26.5z\"><\/path>\t<path class=\"st1\" d=\"M28,19.7l-1.5,0.4v1.4h-0.8v1.1h0.8v3.1c0,1.3,0.5,1.9,1.7,1.9c0.3,0,0.6-0.1,0.9-0.2v-1.2  c-0.1,0.1-0.3,0.1-0.4,0.1c-0.4,0-0.7-0.2-0.7-0.7v-3h1.1v-1.2H28V19.7z\"><\/path>\t<path class=\"st1\" d=\"M33.6,26.3c-0.3,0.1-0.6,0.1-0.9,0.1c-0.7,0-1-0.3-1-1v-4h-1.5v4c0,1.6,0.9,2.2,2.5,2.2c0.8,0,1.6-0.1,2.4-0.4  v-5.7h-1.5V26.3z\"><\/path>\t<path class=\"st1\" d=\"M39.8,21.4c-0.3,0-0.5-0.1-0.8-0.1c-0.8,0-1.7,0.1-2.5,0.4v5.8H38v-4.8c0.2-0.1,0.5-0.1,0.8-0.1  c0.2,0,0.5,0,0.7,0.1L39.8,21.4z\"><\/path>\t<path class=\"st1\" d=\"M42.9,21.4c-0.8,0-1.5,0.2-2.2,0.4l0.4,1c0.5-0.2,1.1-0.3,1.7-0.4c0.7,0,1.1,0.2,1.1,0.9v0.3  c-1.8,0.1-3.5,0.4-3.5,2.1c0,1.2,0.9,2,2.7,2c0.8,0,1.5-0.1,2.3-0.4v-3.7C45.3,22,44.4,21.4,42.9,21.4z M43.9,26.5  c-0.3,0.1-0.6,0.1-0.9,0.1c-0.8,0-1.2-0.3-1.2-0.9c0-0.9,1-1,2.1-1.1V26.5z\"><\/path>\t<rect x=\"46.7\" y=\"18.8\" class=\"st1\" width=\"1.5\" height=\"8.8\"><\/rect>\t<path class=\"st1\" d=\"M19.3,33.6c-1.7,0-2.6,1.3-2.6,3s0.9,3.1,2.6,3.1s2.7-1.3,2.7-3.1S21,33.6,19.3,33.6z M19.3,38.5  c-0.8,0-1.2-0.7-1.2-1.9s0.4-1.9,1.2-1.9s1.2,0.7,1.2,1.9S20.1,38.5,19.3,38.5z\"><\/path>\t<path class=\"st1\" d=\"M23.1,34v5.6h1.5v-4.7c0.2-0.1,0.5-0.1,0.7-0.1c0.2,0,0.5,0,0.7,0.1l0.3-1.2c-0.3,0-0.5-0.1-0.8-0.1  C24.7,33.6,23.9,33.7,23.1,34z\"><\/path>\t<path class=\"st1\" d=\"M27.9,31.2c-0.4,0-0.8,0.4-0.8,0.8c0,0.4,0.4,0.8,0.8,0.8c0.4,0,0.8-0.4,0.8-0.8  C28.7,31.5,28.4,31.2,27.9,31.2C27.9,31.2,27.9,31.2,27.9,31.2z\"><\/path>\t<rect x=\"27.2\" y=\"33.7\" class=\"st1\" width=\"1.5\" height=\"5.8\"><\/rect>\t<path class=\"st1\" d=\"M29.8,36.5c-0.2,1.4,0.8,2.6,2.1,2.8c0.1,0,0.2,0,0.4,0c0.4,0,0.7-0.1,1.1-0.2v0.4c0.1,0.6-0.3,1.2-0.9,1.3  c-0.1,0-0.2,0-0.3,0c-0.6,0-1.1-0.1-1.6-0.3L30,41.6c0.7,0.3,1.5,0.5,2.2,0.5c1.3,0.1,2.4-0.8,2.6-2.1c0-0.2,0-0.3,0-0.5V34  c-0.6-0.3-1.4-0.4-2.1-0.4c-1.5-0.2-2.8,0.9-3,2.4C29.8,36.2,29.8,36.4,29.8,36.5z M33.4,38.1c-0.2,0.1-0.5,0.2-0.8,0.2  c-0.8,0-1.3-0.6-1.3-1.7s0.6-1.8,1.4-1.8c0.2,0,0.5,0,0.7,0.1V38.1z\"><\/path>\t<path class=\"st1\" d=\"M36.9,31.2c-0.4,0-0.8,0.4-0.7,0.8s0.4,0.8,0.8,0.7c0.4,0,0.7-0.4,0.8-0.8C37.8,31.5,37.4,31.2,36.9,31.2  C36.9,31.2,36.9,31.2,36.9,31.2z\"><\/path>\t<rect x=\"36.2\" y=\"33.7\" class=\"st1\" width=\"1.5\" height=\"5.8\"><\/rect>\t<path class=\"st1\" d=\"M41.3,33.6c-0.8,0-1.6,0.1-2.3,0.4v5.6h1.5v-4.7c0.3-0.1,0.6-0.2,0.9-0.2c0.5-0.1,0.9,0.3,1,0.8  c0,0.1,0,0.1,0,0.2v3.8h1.5v-4C43.9,34.3,43.1,33.6,41.3,33.6z\"><\/path><\/g><\/svg>\t\t\t\t<\/span>\n\t\t\t<\/div>\n\t\t\t\n\t\t\t\t\t\t<div class=\"elementor-icon-box-content\">\n\n\t\t\t\t\t\t\t\t\t<h3 class=\"elementor-icon-box-title\">\n\t\t\t\t\t\t<span  >\n\t\t\t\t\t\t\tPrirodnog porijekla\t\t\t\t\t\t<\/span>\n\t\t\t\t\t<\/h3>\n\t\t\t\t\n\t\t\t\t\t\t\t\t\t<p class=\"elementor-icon-box-description\">\n\t\t\t\t\t\tSastojci su prirodnog porijekla.\t\t\t\t\t<\/p>\n\t\t\t\t\n\t\t\t<\/div>\n\t\t\t\n\t\t<\/div>\n\t\t\t\t\t\t<\/div>\n\t\t\t\t<div class=\"elementor-element elementor-element-40dd673 elementor-position-inline-start elementor-view-default elementor-mobile-position-block-start elementor-widget elementor-widget-icon-box\" data-id=\"40dd673\" data-element_type=\"widget\" data-e-type=\"widget\" data-widget_type=\"icon-box.default\">\n\t\t\t\t\t\t\t<div class=\"elementor-icon-box-wrapper\">\n\n\t\t\t\t\t\t<div class=\"elementor-icon-box-icon\">\n\t\t\t\t<span  class=\"elementor-icon\">\n\t\t\t\t<svg xmlns=\"http:\/\/www.w3.org\/2000\/svg\" viewBox=\"0 0 60.78 60.78\"><circle cx=\"30.39\" cy=\"30.39\" r=\"30.39\" fill=\"#ed1c24\"><\/circle><path d=\"M26.66,42.1a1.81,1.81,0,0,1-1.35-.6l-8.63-9.71a1.8,1.8,0,0,1,.15-2.54,1.83,1.83,0,0,1,1.2-.46,1.78,1.78,0,0,1,1.34.61l7.26,8.16L41.21,20.4a1.81,1.81,0,0,1,1.38-.64,1.83,1.83,0,0,1,1.16.43A1.81,1.81,0,0,1,44,22.73L28,41.47a1.84,1.84,0,0,1-1.35.63h0Z\" fill=\"#fff\"><\/path><path d=\"M26.66,41.8a1.49,1.49,0,0,1-1.12-.5l-8.63-9.71a1.5,1.5,0,1,1,2.24-2L26.63,38,41.44,20.59a1.5,1.5,0,1,1,2.29,1.95L27.8,41.27a1.52,1.52,0,0,1-1.13.53Z\" fill=\"#fff\"><\/path><\/svg>\t\t\t\t<\/span>\n\t\t\t<\/div>\n\t\t\t\n\t\t\t\t\t\t<div class=\"elementor-icon-box-content\">\n\n\t\t\t\t\t\t\t\t\t<h3 class=\"elementor-icon-box-title\">\n\t\t\t\t\t\t<span  >\n\t\t\t\t\t\t\tZa djecu od 3. godine\t\t\t\t\t\t<\/span>\n\t\t\t\t\t<\/h3>\n\t\t\t\t\n\t\t\t\t\t\t\t\t\t<p class=\"elementor-icon-box-description\">\n\t\t\t\t\t\tMo\u017ee se koristiti u du\u017eem vremenskom periodu kod djece od 3. godine za prevenciju rekurentnih urinarnih infekcija\t\t\t\t\t<\/p>\n\t\t\t\t\n\t\t\t<\/div>\n\t\t\t\n\t\t<\/div>\n\t\t\t\t\t\t<\/div>\n\t\t\t\t<\/div>\n\t\t\t\t\t<\/div>\n\t\t\t\t<\/div>\n\t\t<div class=\"elementor-element elementor-element-22f7985 e-flex e-con-boxed e-con e-parent\" data-id=\"22f7985\" data-element_type=\"container\" data-e-type=\"container\" data-settings=\"{&quot;background_background&quot;:&quot;classic&quot;}\">\n\t\t\t\t\t<div class=\"e-con-inner\">\n\t\t<div class=\"elementor-element elementor-element-0b24719 e-con-full e-flex e-con e-child\" data-id=\"0b24719\" data-element_type=\"container\" data-e-type=\"container\" data-settings=\"{&quot;background_background&quot;:&quot;classic&quot;}\">\n\t\t\t\t<div class=\"elementor-element elementor-element-f0f026b elementor-position-left elementor-vertical-align-top elementor-widget elementor-widget-image-box\" data-id=\"f0f026b\" data-element_type=\"widget\" data-e-type=\"widget\" data-widget_type=\"image-box.default\">\n\t\t\t\t\t<div class=\"elementor-image-box-wrapper\"><figure class=\"elementor-image-box-img\"><img decoding=\"async\" width=\"143\" height=\"74\" src=\"https:\/\/urinal.aquariushost.net\/wp-content\/uploads\/2026\/03\/dosage.png\" class=\"attachment-full size-full wp-image-326\" alt=\"\" \/><\/figure><div class=\"elementor-image-box-content\"><h3 class=\"elementor-image-box-title\">Kako koristiti?<\/h3><p class=\"elementor-image-box-description\">Pridr\u017eavajte se uputa za doziranje prilago\u0111enih dobi djeteta: Djeca starosti 3-12 godina: jednom dnevno uzeti 10 ml sirupa, Djeca starija od 12 godina i odrasli: jednom dnevno uzeti 15 ml sirupa.<\/p><\/div><\/div>\t\t\t\t<\/div>\n\t\t\t\t<\/div>\n\t\t\t\t\t<\/div>\n\t\t\t\t<\/div>\n\t\t<div class=\"elementor-element elementor-element-a75e380 e-flex e-con-boxed e-con e-parent\" data-id=\"a75e380\" data-element_type=\"container\" data-e-type=\"container\" data-settings=\"{&quot;background_background&quot;:&quot;classic&quot;}\">\n\t\t\t\t\t<div class=\"e-con-inner\">\n\t\t\t\t<div class=\"elementor-element elementor-element-264a679 elementor-widget elementor-widget-html\" data-id=\"264a679\" data-element_type=\"widget\" data-e-type=\"widget\" data-widget_type=\"html.default\">\n\t\t\t\t\t<style>\n.custom-table {\n  width: 60%; \/* jo\u0161 u\u017ea jer ima samo jedan red *\/\n  border-collapse: separate;\n  border-spacing: 0;\n  border-radius: 10px;\n  overflow: hidden;\n  font-family: Arial, sans-serif;\n  margin: 20px auto;\n}\n\n\/* osnovne \u0107elije *\/\n.custom-table th,\n.custom-table td {\n  padding: 8px 10px;\n  font-size: 14px;\n}\n\n\/* header *\/\n.custom-table thead th {\n  background: #ffd155;\n  color: #000;\n  text-align: center;\n  border-right: 2px solid white;\n  border-bottom: 2px solid white;\n}\n\n\/* prva kolona *\/\n.custom-table td:first-child {\n  background: #ffd155;\n  font-weight: bold;\n  text-align: left;\n  border-right: 2px solid white;\n  border-bottom: 2px solid white;\n  width: 70%; \/* \u0161ira zbog du\u017eeg teksta *\/\n}\n\n\/* kolona koli\u010dine *\/\n.custom-table td:last-child,\n.custom-table th:last-child {\n  width: 30%;\n  text-align: center;\n}\n\n\/* bijele \u0107elije *\/\n.custom-table td:not(:first-child) {\n  background: white;\n  border-right: 2px solid #ffd155;\n  border-bottom: 2px solid #ffd155;\n}\n\n\/* ukloni linije *\/\n.custom-table tr td:last-child,\n.custom-table tr th:last-child {\n  border-right: none;\n}\n\n.custom-table tbody tr:last-child td {\n  border-bottom: none;\n}\n<\/style>\n\n<table class=\"custom-table\">\n<thead>\n<tr>\n<th>Aktivni sastojak<\/th>\n<th>10 ml<\/th>\n<\/tr>\n<\/thead>\n<tbody>\n<tr>\n<td>Brusnica (<i>Vaccinium macrocarpon<\/i>), osu\u0161eni spraseni sok, sadr\u017ei min. 5 mg PAC u 5 ml<\/td>\n<td>1000 mg<\/td>\n<\/tr>\n<\/tbody>\n<\/table>\t\t\t\t<\/div>\n\t\t\t\t\t<\/div>\n\t\t\t\t<\/div>\n\t\t\t\t<\/div>\n\t\t","protected":false},"excerpt":{"rendered":"<p>Urinal te\u010dni dodatak ishrani Dodatak ishrani Sadr\u017ei \u010disti ekstrakt brusnice. Pogodan za djecu stariju od 3 godine. Sadr\u017ei ekstrakt brusnice te je prirodnog porijekla, visokog kvaliteta, prijatnog okusa i jednostavan za primjenu. Redovnom svakodnevnom upotrebom poma\u017ee u prevenciji ponovne pojave infekcije. Kupi Za\u0161to Urinal te\u010dni dodatak ishrani? Visokokvalitetni sastojci Urinal te\u010dni dodatak ishrani sadr\u017ei visokokvalitetne [&hellip;]<\/p>\n","protected":false},"author":1,"featured_media":0,"parent":0,"menu_order":0,"comment_status":"closed","ping_status":"closed","template":"","meta":{"footnotes":""},"class_list":["post-351","page","type-page","status-publish","hentry"],"_links":{"self":[{"href":"https:\/\/urinal.aquariushost.net\/index.php\/wp-json\/wp\/v2\/pages\/351","targetHints":{"allow":["GET"]}}],"collection":[{"href":"https:\/\/urinal.aquariushost.net\/index.php\/wp-json\/wp\/v2\/pages"}],"about":[{"href":"https:\/\/urinal.aquariushost.net\/index.php\/wp-json\/wp\/v2\/types\/page"}],"author":[{"embeddable":true,"href":"https:\/\/urinal.aquariushost.net\/index.php\/wp-json\/wp\/v2\/users\/1"}],"replies":[{"embeddable":true,"href":"https:\/\/urinal.aquariushost.net\/index.php\/wp-json\/wp\/v2\/comments?post=351"}],"version-history":[{"count":14,"href":"https:\/\/urinal.aquariushost.net\/index.php\/wp-json\/wp\/v2\/pages\/351\/revisions"}],"predecessor-version":[{"id":486,"href":"https:\/\/urinal.aquariushost.net\/index.php\/wp-json\/wp\/v2\/pages\/351\/revisions\/486"}],"wp:attachment":[{"href":"https:\/\/urinal.aquariushost.net\/index.php\/wp-json\/wp\/v2\/media?parent=351"}],"curies":[{"name":"wp","href":"https:\/\/api.w.org\/{rel}","templated":true}]}}